reds digit of b(13)?
7
Suppose -15 = -n - 4*n. Suppose 9 = n*t, 2*f + 101 = 2*t + 493. What is the units digit of f?
9
Let j = -17 - -11. Let v(z) be the first derivative of z**4/4 + 2*z**3 - 2*z**2 - 18*z + 22. What is the units digit of v(j)?
6
Let b = -5 - -14. Let g(p) = 38*p**2 + 36*p. Let u be g(-1). Let n = b - u. What is the units digit of n?
7
Let i(s) = -s**2 + 11*s + 35. Suppose -7*t + 5*t + 28 = 0. Let g be i(t). Let y(c) = 2*c**2 + 4*c - 12. What is the tens digit of y(g)?
5
Suppose -34*g - 561792 = 54*g. Suppose -5*j + 17 = -4*d, 22 + 0 = d + 4*j. What is the hundreds digit of g/(-54) + d/(-18)*2?
1
Suppose 0 = 65*p - 62*p + 3. What is the units digit of p - 8/4 - -480?
7
Let g be 5 + -3112*(42/(-12) - -1). Suppose 1899 - g = -27*d. What is the hundreds digit of d?
2
Let c(x) = 176*x + 128. Let u be c(11). Let h = u + -1206. What is the units digit of h?
8
Let z(u) = -2*u**2 + u. Let k be z(0). Suppose k = -5*y + 13*y. Suppose -2*w - 5*w + 28 = y. What is the units digit of w?
4
Let o = -24072 - -34893. What is the thousands digit of o?
0
Suppose 0 = 1232*a - 1236*a + 188340. What is the ten thousands digit of a?
4
Suppose 5*r - 118731 = 4*c, -2*r + 63*c = 65*c - 47514. What is the tens digit of r?
5
Suppose -3*q = 161*b - 159*b - 16846, 0 = 4*b + 3*q - 33680. What is the tens digit of b?
1
Let m = -23 + -864. Let j = -612 - m. What is the hundreds digit of j?
2
Suppose -m + 5*n + 4944 = 0, -2*m + 4944 = -m + n. Suppose -27*g = -33*g + m. What is the units digit of g?
4
Let z be (-1)/4*(-10243 + -1). Let h = z - 1542. What is the hundreds digit of h?
0
Suppose 82 + 53 = 5*h. Let r = h + -22. Suppose 0 = r*v - 4*a - 615 - 163, 0 = -2*v - 3*a + 302. What is the hundreds digit of v?
1
Let l(t) = -398 + 3*t - 396 - 4*t**2 + 3*t**3 + 796. What is the tens digit of l(2)?
1
Suppose -l + 4*k = -1198, -21*l + k + 2403 = -19*l. What is the units digit of l?
2
Let q = -17 - -19. Suppose 5*s + 2*t - 553 = 0, -s = 3*t + q*t - 106. What is the hundreds digit of s?
1
Suppose 40*x = 405017 - 19881 + 459664. What is the ten thousands digit of x?
2
Let o = -6 - -10. Let i(p) = -p + 26. Let z be i(10). Suppose -o*x - 1164 = -z*x. What is the tens digit of x?
9
Let f(p) = -p**2 + 3*p - 10*p - 4*p - 6. Suppose t - 17 = 3*z, 5*z + 45 - 14 = 3*t. What is the tens digit of f(z)?
2
Suppose -3*d - 3*x + 3668 = x, -3*d + 2*x + 3638 = 0. Suppose -2*j - 51*y = -54*y - d, -y - 1216 = -2*j. What is the units digit of j?
8
Suppose 2*l - i - 4471 = 0, -28*i + 26*i + 2228 = l. What is the tens digit of l?
3
Let h be 198/7 - 20/70. Let k be 148/h + 4/(-14). Suppose 409 + k = 3*y. What is the tens digit of y?
3
What is the thousands digit of (-49676)/(-17) - ((-12)/(-34))/(21/7)?
2
Let m(i) be the first derivative of 5/3*i**3 - 4*i + 8 - 3/2*i**2. What is the units digit of m(-2)?
2
Let q(p) = -p**2 + 9*p + 38. Let g be q(12). Suppose 5*c - 6*c - 2*v = -185, 0 = 3*c + g*v - 555. What is the hundreds digit of c?
1
Let i(o) = o**3 + 2*o**2 + 3. Let y be i(-2). Let h = 19 + y. Let q = -1 + h. What is the tens digit of q?
2
Let a(r) = 135*r**2 + 502*r + 4034. What is the thousands digit of a(-8)?
8
What is the ten thousands digit of -1 + -20 - (-32947 + -169)?
3
Suppose -17*a = -7*a - 20. Let l be 1/(448/446 - a - -1). Let v = l + -32. What is the hundreds digit of v?
1
Let j(z) be the first derivative of -z**3/3 + 4*z**2 - 8*z + 15. Let a be j(6). Suppose -a*k + 194 = -5*h, -40 = 5*k - 3*h - 289. What is the units digit of k?
1
What is the hundreds digit of 1452/(-605)*135460/(-6)?
1
Suppose 5*s + 1 = 2*y - y, 0 = 4*s - 3*y + 3. Let p(o) = o + 3. Let c be p(s). Suppose -126 = c*m - 4*m. What is the tens digit of m?
2
Let a(c) = c**3 + 9*c**2 + c + 11. Let t be a(-9). Suppose t*h + 34 = -8. What is the tens digit of 311/7 + h/49?
4
Let b(n) = -n**3 + 8*n**2 - 5*n - 10. Let l be b(7). Suppose 8*j + 6*j - l*j = 0. Suppose -5*h + j*h = -190. What is the units digit of h?
8
Suppose 3*h = -3*i + 27489, 8*h = -4*i - 7019 + 43651. What is the hundreds digit of i?
1
Let o = 2021 + 15. Let y = 3199 - o. What is the thousands digit of y?
1
Suppose -5*r = 3*i - 598, -2*i + 0*r = 3*r - 400. What is the tens digit of i?
0
What is the thousands digit of (303980/(-70))/(2*(-11)/308)?
0
Let k(u) = 5*u - 163. Let l be k(33). Suppose v = -l*v + 3*f + 2790, 2*f = 0. What is the tens digit of v?
3
Let j = 292 - -513. Suppose -u - j = -5*v, -2*v + 292 = -3*u - 43. What is the tens digit of v?
6
Suppose 38 = -5*x - 32. Suppose -3*s + 3 = 0, u - 49*s - 4 = -54*s. What is the units digit of 7/x*196/u?
8
What is the units digit of (-14)/(-12) + 15 + (-2447375)/(-150)?
2
Suppose 3128*x - 1452815 = 3097*x. What is the ten thousands digit of x?
4
Let i(w) = 82 - 993*w + 1419*w - 11. What is the hundreds digit of i(4)?
7
Let s(a) = a**2 - a + 5. Let r be s(-11). Let u = r - 69. Suppose 5*t + u = 298. What is the tens digit of t?
4
What is the hundreds digit of 45376 + (-1)/((-5)/75*-5)?
3
Let a(u) = 1144*u**2 - 112*u - 458. What is the units digit of a(-4)?
4
Suppose -133*b - 48267 = -142*b. What is the tens digit of b?
6
Let i = 53 + -51. Suppose -379 = -3*d - 5*a, -i*d - 5*a + 615 = 3*d. Suppose d = 4*z - 3*z. What is the tens digit of z?
1
Suppose 2*p = 6*p - 69132 + 8260. What is the thousands digit of p?
5
Let b = -339 + 337. What is the hundreds digit of b - -2 - (-6344)/13?
4
Suppose -139*f + 50*f = -843453. What is the units digit of f?
7
Let a(m) = -31 + 18 + 11*m + 21 + 3*m**2 - 2*m**2. Let j be a(-11). Let z = j + -6. What is the units digit of z?
2
Suppose -23*v = -40*v - 1173. Let z = v - -414. What is the units digit of z?
5
Let w = -524 - -812. What is the units digit of (-10 - 0)/(-2 - w/(-146))?
5
Let q be 7*(-4)/70 + 2922/5. Suppose -7*k - q = -11*k. What is the units digit of k?
6
Let l = 9976 + -3956. What is the thousands digit of l?
6
What is the tens digit of 115/23 + (-74580)/(-4)?
5
Let s = -867 + 456. Let d = s + 590. What is the tens digit of d - (5 + -4 + 0) - 3?
7
Suppose 285 - 445 = -5*n. Let p(y) be the second derivative of -y**4/12 + 20*y**3/3 - 21*y**2 + 17*y. What is the units digit of p(n)?
4
Suppose 0 = -m + 4*t + 1988, -4*m + 2485*t - 2483*t + 7952 = 0. What is the thousands digit of m?
1
Suppose -5*z = -4*h + 17, 2*h - 5*z = -3*h + 20. What is the tens digit of (-17*(-4 + h))/((-3)/(-39))?
2
Let y = -940 + 506. Let f = 932 + y. What is the tens digit of f?
9
Let g(f) = -f**3 + 14*f**2 + 16*f - 13. Let s be g(15). Suppose 0 = -8*b - s*b + 10. Let k(z) = 173*z**2 - 4*z + 2. What is the tens digit of k(b)?
7
Suppose 52*k = 59*k - 12579. Let b = -1005 + k. What is the hundreds digit of b?
7
Suppose 0 = -9*c + 39340 + 953. What is the thousands digit of c?
4
Let c be 2 - (-24)/(-10) - (-6)/15. Let h(y) = y**3 + 2*y**2 - y + 71. Let x be h(c). Suppose 226 = 3*w - x. What is the units digit of w?
9
Suppose -12 = -w - 16. What is the hundreds digit of -6*(238/w + -1)?
3
Let z(d) = -2*d**3 - 4*d**2 - d - 10. Let n(k) = -3*k**2 - 41*k - 30. Let p be n(-13). What is the tens digit of z(p)?
5
Suppose 3*b - 4*p + 13 + 10 = 0, p = -5*b. Let z(m) = 28*m + 51. What is the units digit of z(b)?
3
Suppose 0 = -5*v - 587 - 343. Let j be (3 + -10 + 4)/(18/2286). Let c = v - j. What is the hundreds digit of c?
1
Let g(c) be the third derivative of -7*c**4/12 - 15*c**3/2 - c**2. Let t be g(19). What is the units digit of (-4)/(-7) - t/7?
5
Let h be 1404/432 - (-2)/(-8). Suppose -2058 = h*m - 6*m - 3*d, 5*d = 20. What is the units digit of m?
2
Suppose -4*f - 5*m + 389 = -0*f, 2*f = m + 177. Let a = 467 - f. What is the units digit of a?
6
Suppose 3*r - 51 = -4*c, 3*c - 17 = r - 2*r. Let h(d) = -d**2 + 19*d - 31. Let y be h(r). Suppose l = -3 - 0, -5*l + 96 = y*q. What is the tens digit of q?
3
Let i(b) = 56*b - 26. Let f be i(7). What is the hundreds digit of f*3*(-5)/(-30)?
1
Suppose 16*z - z - 2430 = 0. Suppose 4*l + z = -q + 520, -q - l = -355. What is the units digit of q?
4
Let k be (-28)/238 + (-1126)/(-34) + -6. Suppose 0 = k*p + 4660 - 42028. What is the tens digit of p?
8
What is the thousands digit of (-32)/(9/6*32/(-38616))?
5
Let w(n) = 299*n**2 - 4*n + 15. What is the tens digit of w(-4)?
1
Suppose -60*u + m = -57*u - 10553, 0 = -4*u + m + 14071. What is the tens d